{"id":298,"date":"2022-06-29T16:42:20","date_gmt":"2022-06-29T16:42:20","guid":{"rendered":"https:\/\/agencia-xyz.com\/?page_id=298"},"modified":"2022-07-01T19:57:13","modified_gmt":"2022-07-01T19:57:13","slug":"ebooks-guias-gratuitas","status":"publish","type":"page","link":"https:\/\/agencia-xyz.com\/index.php\/ebooks-guias-gratuitas\/","title":{"rendered":"Ebooks &#038; Gu\u00edas gratuitas"},"content":{"rendered":"\t\t<div data-elementor-type=\"wp-page\" data-elementor-id=\"298\" class=\"elementor elementor-298\" data-elementor-post-type=\"page\">\n\t\t\t\t\t\t\t\t\t<section class=\"elementor-section elementor-top-section elementor-element elementor-element-cabd4b9 elementor-section-boxed elementor-section-height-default elementor-section-height-default wpr-particle-no wpr-jarallax-no wpr-parallax-no wpr-sticky-section-no\" data-id=\"cabd4b9\" data-element_type=\"section\">\n\t\t\t\t\t\t<div class=\"elementor-container elementor-column-gap-default\">\n\t\t\t\t\t<div class=\"elementor-column elementor-col-50 elementor-top-column elementor-element elementor-element-7094ebc\" data-id=\"7094ebc\" data-element_type=\"column\">\n\t\t\t<div class=\"elementor-widget-wrap elementor-element-populated\">\n\t\t\t\t\t\t\t\t<div class=\"elementor-element elementor-element-820ee67 elementor-widget elementor-widget-image\" data-id=\"820ee67\" data-element_type=\"widget\" data-widget_type=\"image.default\">\n\t\t\t\t<div class=\"elementor-widget-container\">\n\t\t\t<style>\/*! elementor - v3.15.0 - 20-08-2023 *\/\n.elementor-widget-image{text-align:center}.elementor-widget-image a{display:inline-block}.elementor-widget-image a img[src$=\".svg\"]{width:48px}.elementor-widget-image img{vertical-align:middle;display:inline-block}<\/style>\t\t\t\t\t\t\t\t\t\t\t\t<img loading=\"lazy\" decoding=\"async\" width=\"500\" height=\"500\" src=\"https:\/\/agencia-xyz.com\/wp-content\/uploads\/2022\/06\/5_SECRETOS_-_libro_pdf-removebg-preview.png\" class=\"attachment-medium_large size-medium_large wp-image-523\" alt=\"\" \/>\t\t\t\t\t\t\t\t\t\t\t\t\t\t\t<\/div>\n\t\t\t\t<\/div>\n\t\t\t\t\t<\/div>\n\t\t<\/div>\n\t\t\t\t<div class=\"elementor-column elementor-col-50 elementor-top-column elementor-element elementor-element-071cf5e\" data-id=\"071cf5e\" data-element_type=\"column\">\n\t\t\t<div class=\"elementor-widget-wrap elementor-element-populated\">\n\t\t\t\t\t\t\t\t<div class=\"elementor-element elementor-element-2951d15 elementor-widget elementor-widget-heading\" data-id=\"2951d15\" data-element_type=\"widget\" data-widget_type=\"heading.default\">\n\t\t\t\t<div class=\"elementor-widget-container\">\n\t\t\t<style>\/*! elementor - v3.15.0 - 20-08-2023 *\/\n.elementor-heading-title{padding:0;margin:0;line-height:1}.elementor-widget-heading .elementor-heading-title[class*=elementor-size-]>a{color:inherit;font-size:inherit;line-height:inherit}.elementor-widget-heading .elementor-heading-title.elementor-size-small{font-size:15px}.elementor-widget-heading .elementor-heading-title.elementor-size-medium{font-size:19px}.elementor-widget-heading .elementor-heading-title.elementor-size-large{font-size:29px}.elementor-widget-heading .elementor-heading-title.elementor-size-xl{font-size:39px}.elementor-widget-heading .elementor-heading-title.elementor-size-xxl{font-size:59px}<\/style><h2 class=\"elementor-heading-title elementor-size-default\">5 secretos para crear ofertas irresistibles<\/h2>\t\t<\/div>\n\t\t\t\t<\/div>\n\t\t\t\t<div class=\"elementor-element elementor-element-a2bc2f1 elementor-widget elementor-widget-text-editor\" data-id=\"a2bc2f1\" data-element_type=\"widget\" data-widget_type=\"text-editor.default\">\n\t\t\t\t<div class=\"elementor-widget-container\">\n\t\t\t<style>\/*! elementor - v3.15.0 - 20-08-2023 *\/\n.elementor-widget-text-editor.elementor-drop-cap-view-stacked .elementor-drop-cap{background-color:#69727d;color:#fff}.elementor-widget-text-editor.elementor-drop-cap-view-framed .elementor-drop-cap{color:#69727d;border:3px solid;background-color:transparent}.elementor-widget-text-editor:not(.elementor-drop-cap-view-default) .elementor-drop-cap{margin-top:8px}.elementor-widget-text-editor:not(.elementor-drop-cap-view-default) .elementor-drop-cap-letter{width:1em;height:1em}.elementor-widget-text-editor .elementor-drop-cap{float:left;text-align:center;line-height:1;font-size:50px}.elementor-widget-text-editor .elementor-drop-cap-letter{display:inline-block}<\/style>\t\t\t\t<p>\u00bfTe gustar\u00eda captar m\u00e1s clientes sin esforzarte tanto?<\/p><p>\u00bfQuieres destacar de la competencia?<\/p><p>Crear ofertas irresistibles no tiene que ver con venderte barato&#8230; Tiene que ver con CREAR VALOR.<\/p><p>Saber hacer de tu servicio una oferta irresistible y ponerla frente a tu cliente ideal es como un im\u00e1n para atraer clientes potenciales a tu negocio.<\/p><p>\u00a15 puntos claves que no puedes pasar por alto m\u00e1s!<\/p><p>Desc\u00e1rgalo y mira como te volver\u00e1s un im\u00e1n de clientes nuevos y calificados instant\u00e1neamente.<\/p>\t\t\t\t\t\t<\/div>\n\t\t\t\t<\/div>\n\t\t\t\t<div class=\"elementor-element elementor-element-31c0c57 elementor-align-center elementor-widget elementor-widget-button\" data-id=\"31c0c57\" data-element_type=\"widget\" data-widget_type=\"button.default\">\n\t\t\t\t<div class=\"elementor-widget-container\">\n\t\t\t\t\t<div class=\"elementor-button-wrapper\">\n\t\t\t<a class=\"elementor-button elementor-button-link elementor-size-sm\" href=\"#\">\n\t\t\t\t\t\t<span class=\"elementor-button-content-wrapper\">\n\t\t\t\t\t\t<span class=\"elementor-button-text\">Quiero mi Ebook<\/span>\n\t\t<\/span>\n\t\t\t\t\t<\/a>\n\t\t<\/div>\n\t\t\t\t<\/div>\n\t\t\t\t<\/div>\n\t\t\t\t\t<\/div>\n\t\t<\/div>\n\t\t\t\t\t\t\t<\/div>\n\t\t<\/section>\n\t\t\t\t<section class=\"elementor-section elementor-top-section elementor-element elementor-element-ee22aef elementor-section-boxed elementor-section-height-default elementor-section-height-default wpr-particle-no wpr-jarallax-no wpr-parallax-no wpr-sticky-section-no\" data-id=\"ee22aef\" data-element_type=\"section\">\n\t\t\t\t\t\t<div class=\"elementor-container elementor-column-gap-default\">\n\t\t\t\t\t<div class=\"elementor-column elementor-col-100 elementor-top-column elementor-element elementor-element-78c6334\" data-id=\"78c6334\" data-element_type=\"column\">\n\t\t\t<div class=\"elementor-widget-wrap elementor-element-populated\">\n\t\t\t\t\t\t\t\t<div class=\"elementor-element elementor-element-3eaec11 elementor-widget elementor-widget-heading\" data-id=\"3eaec11\" data-element_type=\"widget\" data-widget_type=\"heading.default\">\n\t\t\t\t<div class=\"elementor-widget-container\">\n\t\t\t<h2 class=\"elementor-heading-title elementor-size-default\">Pronto m\u00e1s recursos gratuitos para crecer tu negocio.<\/h2>\t\t<\/div>\n\t\t\t\t<\/div>\n\t\t\t\t\t<\/div>\n\t\t<\/div>\n\t\t\t\t\t\t\t<\/div>\n\t\t<\/section>\n\t\t\t\t<section class=\"elementor-section elementor-top-section elementor-element elementor-element-b211407 elementor-section-boxed elementor-section-height-default elementor-section-height-default wpr-particle-no wpr-jarallax-no wpr-parallax-no wpr-sticky-section-no\" data-id=\"b211407\" data-element_type=\"section\">\n\t\t\t\t\t\t<div class=\"elementor-container elementor-column-gap-default\">\n\t\t\t\t\t<div class=\"elementor-column elementor-col-100 elementor-top-column elementor-element elementor-element-7eb39ea\" data-id=\"7eb39ea\" data-element_type=\"column\">\n\t\t\t<div class=\"elementor-widget-wrap elementor-element-populated\">\n\t\t\t\t\t\t\t\t<div class=\"elementor-element elementor-element-328803f elementor-widget elementor-widget-spacer\" data-id=\"328803f\" data-element_type=\"widget\" data-widget_type=\"spacer.default\">\n\t\t\t\t<div class=\"elementor-widget-container\">\n\t\t\t<style>\/*! elementor - v3.15.0 - 20-08-2023 *\/\n.elementor-column .elementor-spacer-inner{height:var(--spacer-size)}.e-con{--container-widget-width:100%}.e-con-inner>.elementor-widget-spacer,.e-con>.elementor-widget-spacer{width:var(--container-widget-width,var(--spacer-size));--align-self:var(--container-widget-align-self,initial);--flex-shrink:0}.e-con-inner>.elementor-widget-spacer>.elementor-widget-container,.e-con-inner>.elementor-widget-spacer>.elementor-widget-container>.elementor-spacer,.e-con>.elementor-widget-spacer>.elementor-widget-container,.e-con>.elementor-widget-spacer>.elementor-widget-container>.elementor-spacer{height:100%}.e-con-inner>.elementor-widget-spacer>.elementor-widget-container>.elementor-spacer>.elementor-spacer-inner,.e-con>.elementor-widget-spacer>.elementor-widget-container>.elementor-spacer>.elementor-spacer-inner{height:var(--container-widget-height,var(--spacer-size))}<\/style>\t\t<div class=\"elementor-spacer\">\n\t\t\t<div class=\"elementor-spacer-inner\"><\/div>\n\t\t<\/div>\n\t\t\t\t<\/div>\n\t\t\t\t<\/div>\n\t\t\t\t\t<\/div>\n\t\t<\/div>\n\t\t\t\t\t\t\t<\/div>\n\t\t<\/section>\n\t\t\t\t<section class=\"elementor-section elementor-top-section elementor-element elementor-element-1382324 elementor-section-boxed elementor-section-height-default elementor-section-height-default wpr-particle-no wpr-jarallax-no wpr-parallax-no wpr-sticky-section-no\" data-id=\"1382324\" data-element_type=\"section\" data-settings=\"{&quot;background_background&quot;:&quot;gradient&quot;}\">\n\t\t\t\t\t\t<div class=\"elementor-container elementor-column-gap-default\">\n\t\t\t\t\t<div class=\"elementor-column elementor-col-33 elementor-top-column elementor-element elementor-element-0bf6169\" data-id=\"0bf6169\" data-element_type=\"column\">\n\t\t\t<div class=\"elementor-widget-wrap elementor-element-populated\">\n\t\t\t\t\t\t\t\t<div class=\"elementor-element elementor-element-f430e9d elementor-widget elementor-widget-heading\" data-id=\"f430e9d\" data-element_type=\"widget\" data-widget_type=\"heading.default\">\n\t\t\t\t<div class=\"elementor-widget-container\">\n\t\t\t<h2 class=\"elementor-heading-title elementor-size-default\">servicios<\/h2>\t\t<\/div>\n\t\t\t\t<\/div>\n\t\t\t\t<div class=\"elementor-element elementor-element-e5dd583 elementor-widget elementor-widget-text-editor\" data-id=\"e5dd583\" data-element_type=\"widget\" data-widget_type=\"text-editor.default\">\n\t\t\t\t<div class=\"elementor-widget-container\">\n\t\t\t\t\t\t\t<p><span style=\"text-decoration: underline; color: #000080;\"><a style=\"color: #000080; text-decoration: underline;\" href=\"https:\/\/agencia-xyz.com\/index.php\/marketing-medico\/\">Marketing M\u00e9dico.<\/a><\/span><\/p><p><span style=\"text-decoration: underline; color: #000080;\"><a style=\"color: #000080; text-decoration: underline;\" href=\"https:\/\/agencia-xyz.com\/index.php\/marketing-juridico\/\">Marketing Jur\u00eddico.<\/a><\/span><\/p><p><span style=\"text-decoration: underline; color: #000080;\"><a style=\"color: #000080; text-decoration: underline;\" href=\"https:\/\/agencia-xyz.com\/index.php\/empresas-y-profesionales-de-servicios\/\">Dem\u00e1s Empresas y profesionales de servicios.<\/a><\/span><\/p>\t\t\t\t\t\t<\/div>\n\t\t\t\t<\/div>\n\t\t\t\t<div class=\"elementor-element elementor-element-af73437 elementor-widget elementor-widget-heading\" data-id=\"af73437\" data-element_type=\"widget\" data-widget_type=\"heading.default\">\n\t\t\t\t<div class=\"elementor-widget-container\">\n\t\t\t<h2 class=\"elementor-heading-title elementor-size-default\">Empresa<\/h2>\t\t<\/div>\n\t\t\t\t<\/div>\n\t\t\t\t<div class=\"elementor-element elementor-element-a765f9d elementor-widget elementor-widget-text-editor\" data-id=\"a765f9d\" data-element_type=\"widget\" data-widget_type=\"text-editor.default\">\n\t\t\t\t<div class=\"elementor-widget-container\">\n\t\t\t\t\t\t\t<p><span style=\"text-decoration: underline; color: #000080;\"><a style=\"color: #000080; text-decoration: underline;\" href=\"https:\/\/agencia-xyz.com\/index.php\/quienes-somos\/\">Nuestra Historia.<\/a><\/span><\/p><p><span style=\"text-decoration: underline; color: #000080;\"><a style=\"color: #000080; text-decoration: underline;\" href=\"https:\/\/agencia-xyz.com\/index.php\/contactanos\/\">Contacto.<\/a><\/span><\/p><p><span style=\"text-decoration: underline; color: #000080;\"><a style=\"color: #000080; text-decoration: underline;\" href=\"https:\/\/agencia-xyz.com\/index.php\/recursos-gratuitos\/\">Recursos Gratuitos.<\/a><\/span><\/p>\t\t\t\t\t\t<\/div>\n\t\t\t\t<\/div>\n\t\t\t\t\t<\/div>\n\t\t<\/div>\n\t\t\t\t<div class=\"elementor-column elementor-col-33 elementor-top-column elementor-element elementor-element-8a0a1d0\" data-id=\"8a0a1d0\" data-element_type=\"column\">\n\t\t\t<div class=\"elementor-widget-wrap elementor-element-populated\">\n\t\t\t\t\t\t\t\t<div class=\"elementor-element elementor-element-b5ce073 elementor-widget elementor-widget-heading\" data-id=\"b5ce073\" data-element_type=\"widget\" data-widget_type=\"heading.default\">\n\t\t\t\t<div class=\"elementor-widget-container\">\n\t\t\t<h2 class=\"elementor-heading-title elementor-size-default\">cont\u00e1ctanos<\/h2>\t\t<\/div>\n\t\t\t\t<\/div>\n\t\t\t\t<div class=\"elementor-element elementor-element-8d6e2d6 elementor-widget elementor-widget-text-editor\" data-id=\"8d6e2d6\" data-element_type=\"widget\" data-widget_type=\"text-editor.default\">\n\t\t\t\t<div class=\"elementor-widget-container\">\n\t\t\t\t\t\t\t<p><span style=\"color: #000080;\">Panam\u00e1, Ciudad de Panam\u00e1, Bella Vista.<\/span><\/p><p><span style=\"color: #000080;\">+507 6445-2064 (WhatsApp)<\/span><\/p><p><span style=\"text-decoration: underline; color: #000080;\"><a style=\"color: #000080; text-decoration: underline;\" href=\"mailto:clientes@agencia-xyz.com\">clientes@agencia-xyz.com<\/a><\/span><\/p>\t\t\t\t\t\t<\/div>\n\t\t\t\t<\/div>\n\t\t\t\t<div class=\"elementor-element elementor-element-e5de27b elementor-widget elementor-widget-text-editor\" data-id=\"e5de27b\" data-element_type=\"widget\" data-widget_type=\"text-editor.default\">\n\t\t\t\t<div class=\"elementor-widget-container\">\n\t\t\t\t\t\t\t<p><b>\u00a1S\u00edguenos!<\/b><\/p>\t\t\t\t\t\t<\/div>\n\t\t\t\t<\/div>\n\t\t\t\t<div class=\"elementor-element elementor-element-15116cf elementor-view-default elementor-invisible elementor-widget elementor-widget-icon\" data-id=\"15116cf\" data-element_type=\"widget\" data-settings=\"{&quot;_animation&quot;:&quot;fadeInUp&quot;}\" data-widget_type=\"icon.default\">\n\t\t\t\t<div class=\"elementor-widget-container\">\n\t\t\t\t\t<div class=\"elementor-icon-wrapper\">\n\t\t\t<a class=\"elementor-icon elementor-animation-shrink\" href=\"https:\/\/www.instagram.com\/agencia.xyz\/\">\n\t\t\t<i aria-hidden=\"true\" class=\"fab fa-instagram\"><\/i>\t\t\t<\/a>\n\t\t<\/div>\n\t\t\t\t<\/div>\n\t\t\t\t<\/div>\n\t\t\t\t<div class=\"elementor-element elementor-element-2eb795b elementor-view-default elementor-invisible elementor-widget elementor-widget-icon\" data-id=\"2eb795b\" data-element_type=\"widget\" data-settings=\"{&quot;_animation&quot;:&quot;fadeInUp&quot;}\" data-widget_type=\"icon.default\">\n\t\t\t\t<div class=\"elementor-widget-container\">\n\t\t\t\t\t<div class=\"elementor-icon-wrapper\">\n\t\t\t<a class=\"elementor-icon elementor-animation-shrink\" href=\"https:\/\/wa.link\/tomg4w\">\n\t\t\t<i aria-hidden=\"true\" class=\"fab fa-whatsapp\"><\/i>\t\t\t<\/a>\n\t\t<\/div>\n\t\t\t\t<\/div>\n\t\t\t\t<\/div>\n\t\t\t\t\t<\/div>\n\t\t<\/div>\n\t\t\t\t<div class=\"elementor-column elementor-col-33 elementor-top-column elementor-element elementor-element-af5f852\" data-id=\"af5f852\" data-element_type=\"column\">\n\t\t\t<div class=\"elementor-widget-wrap elementor-element-populated\">\n\t\t\t\t\t\t\t\t<div class=\"elementor-element elementor-element-3d06757 elementor-widget elementor-widget-heading\" data-id=\"3d06757\" data-element_type=\"widget\" data-widget_type=\"heading.default\">\n\t\t\t\t<div class=\"elementor-widget-container\">\n\t\t\t<h2 class=\"elementor-heading-title elementor-size-default\">\u00a1Sin pena!<\/h2>\t\t<\/div>\n\t\t\t\t<\/div>\n\t\t\t\t\t<\/div>\n\t\t<\/div>\n\t\t\t\t\t\t\t<\/div>\n\t\t<\/section>\n\t\t\t\t\t\t\t<\/div>\n\t\t","protected":false},"excerpt":{"rendered":"<p>5 secretos para crear ofertas irresistibles \u00bfTe gustar\u00eda captar m\u00e1s clientes sin esforzarte tanto? \u00bfQuieres destacar de la competencia? Crear ofertas irresistibles no tiene que ver con venderte barato&#8230; Tiene que ver con CREAR VALOR. Saber hacer de tu servicio una oferta irresistible y ponerla frente a tu cliente ideal es como un im\u00e1n para [&hellip;]<\/p>\n","protected":false},"author":1,"featured_media":0,"parent":0,"menu_order":0,"comment_status":"closed","ping_status":"closed","template":"","meta":{"content-type":"","footnotes":""},"class_list":["post-298","page","type-page","status-publish","hentry"],"yoast_head":"<!-- This site is optimized with the Yoast SEO plugin v19.2 - https:\/\/yoast.com\/wordpress\/plugins\/seo\/ -->\n<title>Ebooks &amp; Gu\u00edas gratuitas - Agencia XYZ! - Marketing Digital para empresas de servicios<\/title>\n<meta name=\"robots\" content=\"index, follow, max-snippet:-1, max-image-preview:large, max-video-preview:-1\" \/>\n<link rel=\"canonical\" href=\"https:\/\/agencia-xyz.com\/index.php\/ebooks-guias-gratuitas\/\" \/>\n<meta property=\"og:locale\" content=\"es_ES\" \/>\n<meta property=\"og:type\" content=\"article\" \/>\n<meta property=\"og:title\" content=\"Ebooks &amp; Gu\u00edas gratuitas - Agencia XYZ! - Marketing Digital para empresas de servicios\" \/>\n<meta property=\"og:description\" content=\"5 secretos para crear ofertas irresistibles \u00bfTe gustar\u00eda captar m\u00e1s clientes sin esforzarte tanto? \u00bfQuieres destacar de la competencia? Crear ofertas irresistibles no tiene que ver con venderte barato&#8230; Tiene que ver con CREAR VALOR. Saber hacer de tu servicio una oferta irresistible y ponerla frente a tu cliente ideal es como un im\u00e1n para [&hellip;]\" \/>\n<meta property=\"og:url\" content=\"https:\/\/agencia-xyz.com\/index.php\/ebooks-guias-gratuitas\/\" \/>\n<meta property=\"og:site_name\" content=\"Agencia XYZ! - Marketing Digital para empresas de servicios\" \/>\n<meta property=\"article:modified_time\" content=\"2022-07-01T19:57:13+00:00\" \/>\n<meta property=\"og:image\" content=\"http:\/\/agencia-xyz.com\/wp-content\/uploads\/2022\/06\/5_SECRETOS_-_libro_pdf-removebg-preview.png\" \/>\n<meta name=\"author\" content=\"agenciaxyz1\" \/>\n<meta name=\"twitter:card\" content=\"summary_large_image\" \/>\n<meta name=\"twitter:label1\" content=\"Tiempo de lectura\" \/>\n\t<meta name=\"twitter:data1\" content=\"1 minuto\" \/>\n<script type=\"application\/ld+json\" class=\"yoast-schema-graph\">{\"@context\":\"https:\/\/schema.org\",\"@graph\":[{\"@type\":\"Organization\",\"@id\":\"https:\/\/agencia-xyz.com\/#organization\",\"name\":\"Agencia XYZ\",\"url\":\"https:\/\/agencia-xyz.com\/\",\"sameAs\":[],\"logo\":{\"@type\":\"ImageObject\",\"inLanguage\":\"es\",\"@id\":\"https:\/\/agencia-xyz.com\/#\/schema\/logo\/image\/\",\"url\":\"https:\/\/agencia-xyz.com\/wp-content\/uploads\/2022\/04\/XYZ-3D-SIN-FONDO-2-1.png\",\"contentUrl\":\"https:\/\/agencia-xyz.com\/wp-content\/uploads\/2022\/04\/XYZ-3D-SIN-FONDO-2-1.png\",\"width\":1069,\"height\":571,\"caption\":\"Agencia XYZ\"},\"image\":{\"@id\":\"https:\/\/agencia-xyz.com\/#\/schema\/logo\/image\/\"}},{\"@type\":\"WebSite\",\"@id\":\"https:\/\/agencia-xyz.com\/#website\",\"url\":\"https:\/\/agencia-xyz.com\/\",\"name\":\"Agencia XYZ! - Marketing Digital para empresas de servicios\",\"description\":\"Creando sistemas de captaci\u00f3n, retenci\u00f3n y referidos para empresas de servicios m\u00e9dicos, abogados, academias y dem\u00e1s servicios.\",\"publisher\":{\"@id\":\"https:\/\/agencia-xyz.com\/#organization\"},\"potentialAction\":[{\"@type\":\"SearchAction\",\"target\":{\"@type\":\"EntryPoint\",\"urlTemplate\":\"https:\/\/agencia-xyz.com\/?s={search_term_string}\"},\"query-input\":\"required name=search_term_string\"}],\"inLanguage\":\"es\"},{\"@type\":\"ImageObject\",\"inLanguage\":\"es\",\"@id\":\"https:\/\/agencia-xyz.com\/index.php\/ebooks-guias-gratuitas\/#primaryimage\",\"url\":\"https:\/\/agencia-xyz.com\/wp-content\/uploads\/2022\/06\/5_SECRETOS_-_libro_pdf-removebg-preview.png\",\"contentUrl\":\"https:\/\/agencia-xyz.com\/wp-content\/uploads\/2022\/06\/5_SECRETOS_-_libro_pdf-removebg-preview.png\",\"width\":500,\"height\":500},{\"@type\":\"WebPage\",\"@id\":\"https:\/\/agencia-xyz.com\/index.php\/ebooks-guias-gratuitas\/#webpage\",\"url\":\"https:\/\/agencia-xyz.com\/index.php\/ebooks-guias-gratuitas\/\",\"name\":\"Ebooks & Gu\u00edas gratuitas - Agencia XYZ! - Marketing Digital para empresas de servicios\",\"isPartOf\":{\"@id\":\"https:\/\/agencia-xyz.com\/#website\"},\"primaryImageOfPage\":{\"@id\":\"https:\/\/agencia-xyz.com\/index.php\/ebooks-guias-gratuitas\/#primaryimage\"},\"datePublished\":\"2022-06-29T16:42:20+00:00\",\"dateModified\":\"2022-07-01T19:57:13+00:00\",\"breadcrumb\":{\"@id\":\"https:\/\/agencia-xyz.com\/index.php\/ebooks-guias-gratuitas\/#breadcrumb\"},\"inLanguage\":\"es\",\"potentialAction\":[{\"@type\":\"ReadAction\",\"target\":[\"https:\/\/agencia-xyz.com\/index.php\/ebooks-guias-gratuitas\/\"]}]},{\"@type\":\"BreadcrumbList\",\"@id\":\"https:\/\/agencia-xyz.com\/index.php\/ebooks-guias-gratuitas\/#breadcrumb\",\"itemListElement\":[{\"@type\":\"ListItem\",\"position\":1,\"name\":\"Portada\",\"item\":\"https:\/\/agencia-xyz.com\/\"},{\"@type\":\"ListItem\",\"position\":2,\"name\":\"Ebooks &#038; Gu\u00edas gratuitas\"}]}]}<\/script>\n<!-- \/ Yoast SEO plugin. -->","yoast_head_json":{"title":"Ebooks & Gu\u00edas gratuitas - Agencia XYZ! - Marketing Digital para empresas de servicios","robots":{"index":"index","follow":"follow","max-snippet":"max-snippet:-1","max-image-preview":"max-image-preview:large","max-video-preview":"max-video-preview:-1"},"canonical":"https:\/\/agencia-xyz.com\/index.php\/ebooks-guias-gratuitas\/","og_locale":"es_ES","og_type":"article","og_title":"Ebooks & Gu\u00edas gratuitas - Agencia XYZ! - Marketing Digital para empresas de servicios","og_description":"5 secretos para crear ofertas irresistibles \u00bfTe gustar\u00eda captar m\u00e1s clientes sin esforzarte tanto? \u00bfQuieres destacar de la competencia? Crear ofertas irresistibles no tiene que ver con venderte barato&#8230; Tiene que ver con CREAR VALOR. Saber hacer de tu servicio una oferta irresistible y ponerla frente a tu cliente ideal es como un im\u00e1n para [&hellip;]","og_url":"https:\/\/agencia-xyz.com\/index.php\/ebooks-guias-gratuitas\/","og_site_name":"Agencia XYZ! - Marketing Digital para empresas de servicios","article_modified_time":"2022-07-01T19:57:13+00:00","og_image":[{"url":"http:\/\/agencia-xyz.com\/wp-content\/uploads\/2022\/06\/5_SECRETOS_-_libro_pdf-removebg-preview.png"}],"author":"agenciaxyz1","twitter_card":"summary_large_image","twitter_misc":{"Tiempo de lectura":"1 minuto"},"schema":{"@context":"https:\/\/schema.org","@graph":[{"@type":"Organization","@id":"https:\/\/agencia-xyz.com\/#organization","name":"Agencia XYZ","url":"https:\/\/agencia-xyz.com\/","sameAs":[],"logo":{"@type":"ImageObject","inLanguage":"es","@id":"https:\/\/agencia-xyz.com\/#\/schema\/logo\/image\/","url":"https:\/\/agencia-xyz.com\/wp-content\/uploads\/2022\/04\/XYZ-3D-SIN-FONDO-2-1.png","contentUrl":"https:\/\/agencia-xyz.com\/wp-content\/uploads\/2022\/04\/XYZ-3D-SIN-FONDO-2-1.png","width":1069,"height":571,"caption":"Agencia XYZ"},"image":{"@id":"https:\/\/agencia-xyz.com\/#\/schema\/logo\/image\/"}},{"@type":"WebSite","@id":"https:\/\/agencia-xyz.com\/#website","url":"https:\/\/agencia-xyz.com\/","name":"Agencia XYZ! - Marketing Digital para empresas de servicios","description":"Creando sistemas de captaci\u00f3n, retenci\u00f3n y referidos para empresas de servicios m\u00e9dicos, abogados, academias y dem\u00e1s servicios.","publisher":{"@id":"https:\/\/agencia-xyz.com\/#organization"},"potentialAction":[{"@type":"SearchAction","target":{"@type":"EntryPoint","urlTemplate":"https:\/\/agencia-xyz.com\/?s={search_term_string}"},"query-input":"required name=search_term_string"}],"inLanguage":"es"},{"@type":"ImageObject","inLanguage":"es","@id":"https:\/\/agencia-xyz.com\/index.php\/ebooks-guias-gratuitas\/#primaryimage","url":"https:\/\/agencia-xyz.com\/wp-content\/uploads\/2022\/06\/5_SECRETOS_-_libro_pdf-removebg-preview.png","contentUrl":"https:\/\/agencia-xyz.com\/wp-content\/uploads\/2022\/06\/5_SECRETOS_-_libro_pdf-removebg-preview.png","width":500,"height":500},{"@type":"WebPage","@id":"https:\/\/agencia-xyz.com\/index.php\/ebooks-guias-gratuitas\/#webpage","url":"https:\/\/agencia-xyz.com\/index.php\/ebooks-guias-gratuitas\/","name":"Ebooks & Gu\u00edas gratuitas - Agencia XYZ! - Marketing Digital para empresas de servicios","isPartOf":{"@id":"https:\/\/agencia-xyz.com\/#website"},"primaryImageOfPage":{"@id":"https:\/\/agencia-xyz.com\/index.php\/ebooks-guias-gratuitas\/#primaryimage"},"datePublished":"2022-06-29T16:42:20+00:00","dateModified":"2022-07-01T19:57:13+00:00","breadcrumb":{"@id":"https:\/\/agencia-xyz.com\/index.php\/ebooks-guias-gratuitas\/#breadcrumb"},"inLanguage":"es","potentialAction":[{"@type":"ReadAction","target":["https:\/\/agencia-xyz.com\/index.php\/ebooks-guias-gratuitas\/"]}]},{"@type":"BreadcrumbList","@id":"https:\/\/agencia-xyz.com\/index.php\/ebooks-guias-gratuitas\/#breadcrumb","itemListElement":[{"@type":"ListItem","position":1,"name":"Portada","item":"https:\/\/agencia-xyz.com\/"},{"@type":"ListItem","position":2,"name":"Ebooks &#038; Gu\u00edas gratuitas"}]}]}},"rttpg_featured_image_url":null,"rttpg_author":{"display_name":"agenciaxyz1","author_link":"https:\/\/agencia-xyz.com\/index.php\/author\/agenciaxyz1\/"},"rttpg_comment":0,"rttpg_category":null,"rttpg_excerpt":"5 secretos para crear ofertas irresistibles \u00bfTe gustar\u00eda captar m\u00e1s clientes sin esforzarte tanto? \u00bfQuieres destacar de la competencia? Crear ofertas irresistibles no tiene que ver con venderte barato&#8230; Tiene que ver con CREAR VALOR. Saber hacer de tu servicio una oferta irresistible y ponerla frente a tu cliente ideal es como un im\u00e1n para&hellip;","_links":{"self":[{"href":"https:\/\/agencia-xyz.com\/index.php\/wp-json\/wp\/v2\/pages\/298"}],"collection":[{"href":"https:\/\/agencia-xyz.com\/index.php\/wp-json\/wp\/v2\/pages"}],"about":[{"href":"https:\/\/agencia-xyz.com\/index.php\/wp-json\/wp\/v2\/types\/page"}],"author":[{"embeddable":true,"href":"https:\/\/agencia-xyz.com\/index.php\/wp-json\/wp\/v2\/users\/1"}],"replies":[{"embeddable":true,"href":"https:\/\/agencia-xyz.com\/index.php\/wp-json\/wp\/v2\/comments?post=298"}],"version-history":[{"count":10,"href":"https:\/\/agencia-xyz.com\/index.php\/wp-json\/wp\/v2\/pages\/298\/revisions"}],"predecessor-version":[{"id":759,"href":"https:\/\/agencia-xyz.com\/index.php\/wp-json\/wp\/v2\/pages\/298\/revisions\/759"}],"wp:attachment":[{"href":"https:\/\/agencia-xyz.com\/index.php\/wp-json\/wp\/v2\/media?parent=298"}],"curies":[{"name":"wp","href":"https:\/\/api.w.org\/{rel}","templated":true}]}}